y 8.
3
Suppose 50*v - 433 = 4017. What is the remainder when 800 is divided by v?
88
Let n(v) = v**2 + 2*v - 44. Let b be (((-64)/(-8))/8)/((-1)/9). What is the remainder when n(b) is divided by (-10)/(-1) - (-2 + 1)?
8
Let w(s) = 0 - 7*s + 8 - 6 + 4 + s**2. Let a be w(7). What is the remainder when 48 is divided by ((-2)/a)/(2/(-108))?
12
Calculate the remainder when 5224 is divided by 3 - ((-3)/8 - (-5368)/(-704)).
10
Let v be 124*(-14)/(-6)*24/16. Let z = v + -391. Let w(l) = l**2 - 3*l. What is the remainder when z is divided by w(4)?
3
Let o be (-9 + 14)*2/5. Suppose -o*s = -0*s - 84. What is the remainder when s is divided by 18?
6
Let l = -446 - -242. Let x = -190 - l. Calculate the remainder when 38 is divided by x.
10
Suppose 0 = -23*h + 7*h. Let g(c) = c + 437. What is the remainder when g(h) is divided by 44?
41
Let k(d) = 4*d - 7. Let m(u) = u**2 + 2*u - 36. Let w be (40/(-70))/(3/(-21)) - -5. What is the remainder when m(w) is divided by k(6)?
12
Suppose -2*i + 7*i + 75 = 0. Let b be (i/(-10))/((-1)/2). What is the remainder when 74*(2 + b)*-1 is divided by 19?
17
Calculate the remainder when (-2132)/(-38) + 8 + 12/(-114) is divided by 20.
4
Let r(m) = -m**3 + 26*m**2 - 26*m + 21. Let y be r(25). Let a = y + 22. What is the remainder when 86 is divided by a?
14
Let l = -72 - -160. Let y(s) = -s + 9. Let t be y(8). What is the remainder when l is divided by t + 0 + (-68)/(-4)?
16
Let y = 5198 + -4547. Calculate the remainder when y is divided by 96.
75
Suppose -7*l + 2*l = -2*u - 7356, 3*l = -2*u + 4420. What is the remainder when l is divided by 367?
4
Suppose 7*o + 360 = 8*o. Suppose 4*a = -a + o. Suppose -8*k = -5*k - a. What is the remainder when 117 is divided by k?
21
Let h(g) = -g**2 + 7*g - 4. Let r be h(4). Suppose 0 = 3*b - 17 + r. Suppose v - 13 = -4*j, v - 26 = -3*v - b*j. Calculate the remainder when 9 is divided by v.
4
Let o = 26811 - 26764. What is the remainder when 1315/15 - 2/(-6) is divided by o?
41
Let q be 33/(-44) + (-1)/4 - 102. Let m = 109 + q. Suppose 6*y - 324 = -48. What is the remainder when y is divided by m?
4
Suppose 5*t + 9*f = 14*f + 540, 0 = 5*f. Suppose 0 = 101*u - t*u + 2499. What is the remainder when u is divided by 24?
21
Calculate the remainder when 2131 is divided by (-1)/((12/312)/(-1)).
25
Calculate the remainder when 211560/559 - (-12)/(-26) is divided by 95.
93
Suppose -69*t + 2532 = -12717. What is the remainder when t is divided by 25?
21
Let f(z) = 2*z**3 + 49*z**2 + 64*z - 108. Let w(a) = 7*a**2 - 2*a - 1. What is the remainder when w(-1) is divided by f(-23)?
1
Calculate the remainder when ((-54)/81 + (-33)/(-63))*-1981 is divided by (-4 - -6) + 17 + -3.
11
Let i(m) = 677*m + 5749. Calculate the remainder when i(0) is divided by 9.
7
Suppose -3*l + 99 - 12 = 0. What is the remainder when (-3)/((-8)/40 + (-48)/(-340)) is divided by l?
22
Let y(n) be the first derivative of n**4/4 + 2*n**3/3 + 5*n**2/2 + 37*n + 156. Calculate the remainder when 181 is divided by y(0).
33
Let y(v) = 5*v**2 - v - 3. Let z(k) = 3*k**3 - 200*k**2 - 87*k + 1352. What is the remainder when y(5) is divided by z(67)?
9
Let h(i) = 708*i - 12726. Calculate the remainder when h(18) is divided by (-66)/(-10) - 6/(-15).
4
Let k be 4/1 - (2 + -1) - 32. Let w = k + 31. Suppose w*l + 14 - 70 = 0. Calculate the remainder when 138 is divided by l.
26
Let p = 2763 - 2726. What is the remainder when 285 is divided by p?
26
Let c(m) = 4*m**2 - 21*m - 16. Let y be c(5). Let p(x) = x**3 + 19*x**2 - 41*x + 29. Calculate the remainder when 15 is divided by p(y).
7
Suppose -5*c + 10 = -25. Suppose 0 = 4*x + 16 - 116. Calculate the remainder when x is divided by c.
4
Suppose 189*o - 4620 - 739 = 4091. What is the remainder when 6098 is divided by o?
48
Suppose 0 = 4*z + 514 - 110. Let o = 200 + z. What is the remainder when o is divided by 23?
7
Suppose 2812 = -32*w + 63228. Calculate the remainder when w is divided by 110.
18
Suppose -10*h + 21 = -7*h. Suppose -5*s = -5*f - 105, 3*s - 31 = -h*f + 2*f. Let g(q) = -q - 8. What is the remainder when s is divided by g(-14)?
5
Suppose 0 = -7*u - 7*u - 168. What is the remainder when 468 - u/(-3) - (-8 - -4) is divided by 94?
92
Suppose 4*i = 4*f - 408, 0 = 7*f - 10*f - 2*i + 281. What is the remainder when 1151 is divided by f?
84
Let i(s) = -s**2 + 32*s + 1499. Calculate the remainder when i(43) is divided by 260.
246
Let y = -2370 - -2454. What is the remainder when y is divided by 23?
15
Calculate the remainder when 199 is divided by (216/(-252))/(3/98*-1).
3
Let j = 256 + -258. What is the remainder when (-2)/14*j + 1884/21 is divided by 23?
21
Let f = 25 + 14. Let d be (-1 - -13)*(-4 + -3)*8/(-14). Let n = d - f. What is the remainder when n is divided by 1?
0
Let v be (-2 + 0)/1*8. Let i be v/(-16)*(-1 + 3). Suppose 4*m = i*r + 130, m - 6*m - 4*r = -143. Calculate the remainder when m is divided by 9.
4
Suppose -2*s - 162 = -382. Let i(m) = -11*m + 265. What is the remainder when s is divided by i(22)?
18
Let a = -1026 + 1057. Let j = -209 - -102. Let h = -50 - j. Calculate the remainder when h is divided by a.
26
Let t(y) = -y**3 + 19*y**2 + 210*y - 7. What is the remainder when t(20) is divided by 69?
67
Let x be -1 - (1 + (-1 - 3)). Suppose -5*g - x*g + 532 = 0. What is the remainder when g is divided by 26?
24
Let m(d) = 0*d**3 - 24 + 10*d - 2*d**3 + 58 - 31 + 3*d**2 + d**3. Calculate the remainder when m(5) is divided by 2.
1
Let h = -18 - -25. What is the remainder when (56 - (5 + 8)) + 8 is divided by 9 - h - (1 + -5)?
3
Suppose 74 - 26 = 16*f. Suppose 3*s = g - 33, 4*s = -5*g + f*g + 116. What is the remainder when 143 is divided by g?
47
Let q(o) = o**3 - o**2 + 3*o - 1. Let h(v) = 5*v**3 + 30*v**2 - 21*v + 57. Let n(p) = -h(p) + 4*q(p). Calculate the remainder when 93 is divided by n(-35).
3
Let r(m) = 90*m - 2529. What is the remainder when 808 is divided by r(31)?
25
Let u = -8719 - -8987. Calculate the remainder when 18489 is divided by u.
265
Suppose -26 = -6*m + 5*m. Let g(j) = -j**2 - 20*j + 12. Suppose 5*y + 14 = 3*y. What is the remainder when g(y) is divided by m?
25
Let f = 15 - 11. Let l be (-10)/(180/126) + 12. Suppose -l*b + f*b = -32. Calculate the remainder when 254 is divided by b.
30
Let m(z) be the first derivative of z**2/2 - 29*z + 2. Let r be m(-15). Let f = r - -103. What is the remainder when f is divided by 31?
28
Suppose 0 = -28*p - 1602 + 224342. Calculate the remainder when p is divided by 34.
33
Let a = 1122 + -606. Suppose 1638 - a = 33*r. What is the remainder when 369 is divided by r?
29
Let p = -11 + 11. Suppose p = b + 2*z - 94, -4*b + 5*z + 105 + 206 = 0. What is the remainder when 332 is divided by b?
80
Let t(b) = b**3 - 33*b**2 + 10*b - 120. Let k be t(33). Suppose 8*j - 6*j = -2*s + k, -j = -5*s + 525. Calculate the remainder when s is divided by 47.
11
Let i(g) = -109*g + 219. Calculate the remainder when i(-18) is divided by 156.
153
Let u(w) = w**3 - 8*w**2 + 14*w + 21. Let z be u(9). Suppose -3*q = -3*v - z, q + 5*v = -q + 131. Calculate the remainder when q is divided by -1 + 1 - -5*3.
13
Suppose -2*n - 4*l + 340 + 60 = 0, 0 = -4*n + l + 773. Suppose -50*z = -90*z + 2640. What is the remainder when n is divided by z?
62
Suppose 3*o - 4*v - 97 = 0, 3*o + 5*v - v - 113 = 0. Suppose -6*l + o = -43. Let s(a) = 2*a + 2. What is the remainder when l is divided by s(3)?
5
Suppose 0 = 13*t - 15*t - 40. Let k(d) = -d**3 - 23*d**2 - 48*d - 15. Let n be k(t). Calculate the remainder when 10/(-25)*n/1 is divided by 13.
11
Suppose 20*l - 19241 = -12100 + 21799. Calculate the remainder when l is divided by 50.
47
Let h(q) = -q**3 - 9*q**2 + 9*q - 11. Let j be h(-10). Suppose -213 = -27*g + 138. Calculate the remainder when g is divided by -1 - (-32)/(3 - j).
6
Suppose 27*h + 972 - 414 - 6417 = 0. What is the remainder when 226 is divided by h?
9
Let s(v) be the first derivative of 3/2*v**2 + 0*v**3 + 4*v**4 - 2*v + 24. Calculate the remainder when 48 is divided by s(1).
14
Suppose -1 = -r + 1. Suppose -r*q = -6*q + 356. What is the remainder when q is divided by 187/8 + (-17 - 3591/(-216))?
20
Let k = -8382 - -21617. What is the remainder when k is divided by 61?
59
Let d(s) = -2*s**3 - 89*s**2 + 37*s + 19. What is the remainder wh